-3). Suppose 374 = -r*l + 11*l. What is the remainder when l is divided by 9?
7
Let s(i) be the second derivative of i**4/12 - i**3/3 - 3*i**2/2 - 5*i. What is the remainder when 58 is divided by s(5)?
10
Suppose 300 = 330*h - 326*h. Calculate the remainder when h is divided by 5.
0
Suppose -533*f - 628 = -535*f. Calculate the remainder when f is divided by 104.
2
Let w(v) = 81*v + 5. Calculate the remainder when w(8) is divided by 82.
79
Let j = -4 - -3. What is the remainder when -148*j*(-2)/(-8) is divided by 1/((-3)/(-36)) - -1?
11
Let h(z) = -3*z**2 + 33*z + 30. Let a(r) = 2*r**2 - 17*r - 15. Let p(b) = -5*a(b) - 3*h(b). Calculate the remainder when 64 is divided by p(-6).
31
Suppose -3*j = -11 - 76. Let v = 87 + -87. Suppose v = t - 2*g - 6, -12 = 2*t - 4*t + g. What is the remainder when j is divided by t?
5
Suppose -4*l = -4*q + 1728, -5*q - 3*l = 260 - 2404. Calculate the remainder when q is divided by 18.
16
Suppose 39 = 5*q + 2*y - 2, q - 5 = -2*y. Calculate the remainder when 33 is divided by (q - 2)*(4 + -3).
5
Suppose 86 = 2*n + x, 0 - 16 = -4*x. Calculate the remainder when 777 is divided by n.
39
Let p = 214 + -202. Calculate the remainder when 119 is divided by p.
11
Suppose 0 = 4*p + 3*a + 317, 4*p + 46 + 306 = 4*a. Let c = 87 + p. What is the remainder when 10 is divided by c?
2
Let c(k) = k**2 - 24*k - 59. Calculate the remainder when c(28) is divided by 23.
7
Suppose -1852 = -16*h - 1756. What is the remainder when 28 is divided by h?
4
Suppose -3*r + 3*v = -189, -125 = -5*r - 4*v + 199. Suppose -3*k = -k - r. Suppose -4*s + 20 + k = 0. Calculate the remainder when 49 is divided by s.
10
Calculate the remainder when 114 is divided by 280/88 + -3 - (-744)/22.
12
What is the remainder when 82 is divided by 21 - (-6)/30*0?
19
Suppose 474 = 10*l - 426. Let q = -73 + l. Calculate the remainder when q is divided by 11.
6
What is the remainder when 2 - (24530/5)/(-11) is divided by 50?
48
Suppose -3*u + 20*z - 22*z + 193 = 0, z = 4*u - 261. Calculate the remainder when u is divided by 24.
17
Suppose 368 = 4*j - 5*x, -2*j + 3*x = -5*j + 303. What is the remainder when 1551 is divided by j?
96
Let c(q) = 9*q + 25. Let u(h) = -17*h - 50. Let s(j) = -9*c(j) - 4*u(j). What is the remainder when 116 is divided by s(-5)?
36
Let h = 143 + -101. What is the remainder when h is divided by 5/(25/95) - -4?
19
Let x(m) = m**3 + 16*m**2 + 2. Let y be x(-16). Suppose 0 = -5*o - y*g + 11, 0*g = -o + 3*g + 9. Calculate the remainder when 22 is divided by o.
1
What is the remainder when 1022 is divided by (0 + 2 + 0)/(42/798)?
34
What is the remainder when 247 is divided by (114/8)/((-14)/(-15 + -41))?
19
Suppose -4*s + h + 40 = s, -4*s - 2*h + 32 = 0. Suppose m = -l + 92, -2*l + 4*m - 2*m + 164 = 0. Let p = l - 56. What is the remainder when p is divided by s?
7
Let w(x) = -4*x**3 - 20*x**2 + 9*x - 29. Calculate the remainder when 134 is divided by w(-6).
12
Suppose 138*a = 132*a + 1530. What is the remainder when a is divided by 86?
83
What is the remainder when (-3 + 0)*(50/(-3))/1 is divided by 29?
21
Suppose -z - 97 = -2*w, 2*w - 2*z + 149 = 5*w. Calculate the remainder when w is divided by 7.
0
Let z(p) be the third derivative of p**5/20 + 7*p**4/24 + 23*p**3/6 - 25*p**2. What is the remainder when z(-5) is divided by 16?
15
Suppose 0 = -2*y + 2, -5*p = -y + 6. Let d = p + 8. What is the remainder when (-21)/(-49) + 537/21 is divided by d?
5
Let m(l) be the second derivative of -109*l**5/20 - l**4/12 + l**3/6 + l**2 + 29*l. Calculate the remainder when m(-1) is divided by 28.
25
Suppose 9 + 3 = -6*j. What is the remainder when 65 is divided by (-1 - 1)*((-21)/2 - j)?
14
Let t(h) = h**3 - h**2 - 6*h + 9. Let z = -23 - -19. What is the remainder when t(5) is divided by (-155)/(-5) + z*1?
25
Let f = 138 - 93. Calculate the remainder when 88 is divided by f.
43
Let x be (-138)/4*8/(-12). Let t = -23 + x. Suppose 4*l - l - 24 = t. Calculate the remainder when 21 is divided by l.
5
Suppose -5*y - 5*j = -120, -14*y + 11*y + j + 64 = 0. What is the remainder when 459 is divided by y?
19
Suppose n - 5 = -5*s + 11, 0 = 4*s - 4*n - 32. What is the remainder when 14 is divided by s?
2
Let o(v) = 2*v + 5*v - 4 + 3*v + 0*v. Let q be o(10). Suppose -1 = 5*x - q. Calculate the remainder when x is divided by 7.
5
Let d = 543 - 457. Calculate the remainder when 677 is divided by d.
75
Suppose -4*k - 4*x = -2*x - 188, 0 = 2*k - 3*x - 110. Let h(v) = 32*v + 78. Let l be h(-3). Let n = l + k. Calculate the remainder when n is divided by 17.
14
Suppose w - 80 = -2*r, -2*w + 10 - 2 = 0. Let u = -10 - -3. Calculate the remainder when r is divided by 1/(-7) - 57/u.
6
Suppose 5*j + 83*m - 86*m - 162 = 0, -4*j + 116 = m. What is the remainder when 43 is divided by j?
13
Suppose -2*r + 318 - 102 = 4*a, -65 = -a + 5*r. Let y = -20 + 34. Calculate the remainder when a is divided by y.
13
Let w(f) = 6*f**2 + f - 1. Let x be w(1). Suppose -253 = x*s - 17*s. Calculate the remainder when 205 is divided by s.
21
Let b = -1362 + 1449. Calculate the remainder when 184 is divided by b.
10
Let l = 163 + -143. What is the remainder when 33 is divided by l?
13
Suppose -115*g + 810 = -25*g. What is the remainder when 105/4 + (-3)/12 is divided by g?
8
Let h(o) = -6*o + 41. Calculate the remainder when 170 is divided by h(0).
6
Suppose -9*p + 401 = 86. Suppose -q + 5*d - 13 = 8, -3*d + p = 5*q. Calculate the remainder when 12 is divided by q.
0
Let r(m) = m**3 + m**2 - 34*m - 8. What is the remainder when r(6) is divided by 16?
8
Let k be 6/(-4)*(-22)/33. What is the remainder when k/(2*(-2)/(-296)) is divided by 19?
17
Let m(d) = -2*d + 24. Let a be m(7). Let v(u) = u**3 - 12*u**2 + 22*u - 7. Calculate the remainder when 63 is divided by v(a).
11
Let l be (-4 - 13) + (0 - -1). Let c = l - -27. Suppose -n - 5*s + 10 = 4*n, -2*s = 4. What is the remainder when c is divided by n?
3
Let b = 54 + -82. Let c = -43 - b. Let l = c + 42. Calculate the remainder when 80 is divided by l.
26
Suppose -13*i + 441 = -209. Suppose 0 + 36 = 4*c. What is the remainder when i is divided by c?
5
Let f = -404 - -284. Let q = f - -219. Calculate the remainder when q is divided by 20.
19
Suppose y - 8 = -6. Suppose -292 = -y*h - 2*h. Calculate the remainder when h is divided by 15.
13
Suppose 0 = d + 1 - 14. Let f be -2*(-49)/(-4)*-2. Suppose -5*o = -f + 9. What is the remainder when d is divided by o?
5
Suppose 3*g + 0 = 90. Calculate the remainder when 291 is divided by g.
21
Let u = 106 - 63. Let m = u + -20. Calculate the remainder when 91 is divided by m.
22
Let f(k) = -5*k + 2. Let i be f(-1). Suppose 0 = -i*w + 7 + 7. Calculate the remainder when 6 is divided by w.
0
Suppose 13*f - 11*f - 46 = 0. What is the remainder when 342 is divided by f?
20
Suppose 0 = q - 2*q. Suppose 5*f - 570 = 3*u - 215, q = -f + u + 71. What is the remainder when f is divided by 18?
17
Let c = 48 + -49. What is the remainder when (6/(-15))/((c/305)/1) is divided by 25?
22
Let s = -288 - -556. What is the remainder when s is divided by 10?
8
Let z = 41 - 24. Suppose -18*l + z*l = -63. Calculate the remainder when l is divided by 22.
19
Suppose -c - 10 = -3*h, -4*h + 5 = -c - 10. Let a = 7 - h. Suppose -7*r - k = -a*r - 35, -k = -5. What is the remainder when 21 is divided by r?
3
Let b(k) = -k**3 - 7*k**2 + 7*k + 7. Suppose -3*r = -2*r - 101. Let c = -43 + r. What is the remainder when c is divided by b(-8)?
13
Let m = -38 - -64. Suppose -11*i + 1210 = -198. Calculate the remainder when i is divided by m.
24
Suppose 17 - 21 = -2*b. Suppose -4*k + 79 = 3*r, 3*r - b = -k + 20. Let w = 34 - k. What is the remainder when 28 is divided by w?
13
Calculate the remainder when 858 is divided by (40/14)/(-4 - (-232)/56).
18
Let a(d) = -d**3 + 5*d**2 + 4. Let x be a(5). Suppose 12 = 2*t - x*l, -5*t + 3*t - 5*l + 39 = 0. What is the remainder when 23 is divided by t?
11
Suppose -3*x + 23 = -2*k, 8*k - 3*k - 5 = -5*x. Suppose -116*b + 88*b + 224 = 0. What is the remainder when b is divided by x?
3
Calculate the remainder when 43/(-172)*(-7515 + -2 + 1) is divided by 20.
19
Let n(y) be the first derivative of -5*y**2 + 7*y + 1. Suppose 312 = -77*j + 4. What is the remainder when n(j) is divided by 12?
11
Calculate the remainder wh